{"id":4977,"date":"2022-09-14T14:04:52","date_gmt":"2022-09-14T12:04:52","guid":{"rendered":"http:\/\/itsall-ciotechnology.com\/?page_id=4977"},"modified":"2022-09-14T14:05:14","modified_gmt":"2022-09-14T12:05:14","slug":"intervista-konica-minolta-business-solutions-italia","status":"publish","type":"page","link":"https:\/\/itsall-ciotechnology.com\/index.php\/intervista-konica-minolta-business-solutions-italia\/","title":{"rendered":"intervista Konica Minolta Business Solutions Italia"},"content":{"rendered":"<p><img loading=\"lazy\" decoding=\"async\" class=\"size-full wp-image-4978 alignleft\" src=\"http:\/\/itsall-ciotechnology.com\/wp-content\/uploads\/2022\/09\/fabio-quarti.jpg\" alt=\"\" width=\"200\" height=\"200\" srcset=\"https:\/\/itsall-ciotechnology.com\/wp-content\/uploads\/2022\/09\/fabio-quarti.jpg 200w, https:\/\/itsall-ciotechnology.com\/wp-content\/uploads\/2022\/09\/fabio-quarti-150x150.jpg 150w\" sizes=\"auto, (max-width: 200px) 100vw, 200px\" \/><\/p>\n<p>&nbsp;<\/p>\n<h1><span style=\"color: #ff0000;\">Intervista<\/span><\/h1>\n<p><strong>Fabio Quarti<\/strong>\u00a0Solutions Consultant <strong>Konica Minolta Business Solutions Italia<\/strong><\/p>\n<p>&nbsp;<\/p>\n<p>&nbsp;<\/p>\n<p>&nbsp;<\/p>\n<h2><span style=\"color: #ff0000;\">Come risponde Konica Minolta alle richieste di mercato in ambito cybersecurity ?<\/span><\/h2>\n<p>Cybersecurity e Cloud sono due tematiche estremamente attuali e indispensabili in ambito aziendale.<br \/>\nIl Cloud ci apre a nuove possibilit\u00e0 sia in campo infrastrutturale IT che di automatizzazione di processi, introducendo nuove funzionalit\u00e0 e riducendo di molto il time to market rispetto al passato.<br \/>\nAbbiamo un duplice approccio: per le aziende meno strutturate prevediamo una soluzione all-in-one che, tramite correlazione di dati e grazie ad un unico punto di accesso, facilita l&#8217;individuazione delle minacce e la risposta ad attacchi informatici. La piattaforma protegge da phishing, spam, malware e gestisce gli endpoint con una management console che facilita la gestione delle patch e consente vulnerability assesment periodici. Dalla stessa interfaccia \u00e8 possibile, inoltre, gestire i backup e il disaster recovery, con la possibilit\u00e0 di operare in modalit\u00e0 remota in completa sicurezza: l&#8217;IT (interno o esterno all&#8217;azienda) ha cos\u00ec gli strumenti per erogare un servizio di alto livello.<\/p>\n<p>Alle aziende che ci richiedono servizi pi\u00f9 specifici eroghiamo security assesment (vulnerability assesment e penetration test) manuali o automatizzati, con una reportistica dettagliata della situazione e conseguente remediation plan necessario per portare l&#8217;azienda ai massimi livelli di sicurezza.<br \/>\nInoltre, forniamo servizi di digital forensics al fine di raccogliere i dati necessari per un&#8217;eventuale corretta ricostruzione dei fatti. Per le attivit\u00e0 di cybersecurity ci avvaliamo di esperti del settore e dei software pi\u00f9 avanzati, sviluppati anche dal nostro centro di ricerca e sviluppo.<br \/>\nOgni azienda ha le sue peculiarit\u00e0 e le sue necessit\u00e0, ci piace trovare le soluzioni migliori e su misura per i nostri clienti.<\/p>\n<p>&nbsp;<\/p>\n<h2><span style=\"color: #ff0000;\">Qual \u00e8 l\u2019approccio di Konica Minolta nei confronti del Cloud?<\/span><\/h2>\n<p>Da molto tempo Konica Minolta affianca i clienti nell&#8217;automatizzazione dei processi aziendali. Oggi grazie al Cloud \u00e8 possibile automatizzare task che, fino a qualche tempo fa, erano per forza eseguiti manualmente o erano parzialmente automatizzati. Big Data e Intelligenza Artificiale sono quotidianamente utilizzati all&#8217;interno dei nostri processi. Il Cloud, inoltre, aumenta l&#8217;affidabilit\u00e0 e continuit\u00e0 operativa dei sistemi, generando di conseguenza, maggiore efficienza nelle attivit\u00e0 di operation.<br \/>\nCi avvaliamo indistintamente dei principali Cloud pubblici, ma abbiamo progettato anche KM Cloud, un Cloud di propriet\u00e0 Konica Minolta, che ci permette di far fronte a gran parte delle esigenze dei nostri clienti.<br \/>\nPer le aziende che necessitano ancora di soluzioni on-premise, abbiamo a disposizione una soluzione proprietaria, che ci permette di configurare hardware e software secondo le specifiche esigenze, garantendo sicurezza e affidabilit\u00e0 dei sistemi attraverso i nostri servizi: i clienti non si devono preoccupare di configurare, aggiornare e manutenere i sistemi ma semplicemente di utilizzare i software secondo il paradigma XaaS.<\/p>\n","protected":false},"excerpt":{"rendered":"<p>&nbsp; Intervista Fabio Quarti\u00a0Solutions Consultant Konica Minolta Business Solutions Italia &nbsp; &nbsp; &nbsp; Come risponde Konica Minolta alle richieste di mercato in ambito cybersecurity ? Cybersecurity e Cloud sono due tematiche estremamente attuali e indispensabili in ambito aziendale. Il Cloud ci apre a nuove possibilit\u00e0 sia in campo infrastrutturale IT che di automatizzazione di processi, [&hellip;]<\/p>\n","protected":false},"author":2,"featured_media":0,"parent":0,"menu_order":0,"comment_status":"closed","ping_status":"closed","template":"","meta":{"footnotes":""},"class_list":["post-4977","page","type-page","status-publish","hentry"],"yoast_head":"<!-- This site is optimized with the Yoast SEO plugin v24.8.1 - https:\/\/yoast.com\/wordpress\/plugins\/seo\/ -->\n<title>intervista Konica Minolta Business Solutions Italia - It&#039;s all CIO &amp; Technology<\/title>\n<meta name=\"robots\" content=\"index, follow, max-snippet:-1, max-image-preview:large, max-video-preview:-1\" \/>\n<link rel=\"canonical\" href=\"https:\/\/itsall-ciotechnology.com\/index.php\/intervista-konica-minolta-business-solutions-italia\/\" \/>\n<meta property=\"og:locale\" content=\"it_IT\" \/>\n<meta property=\"og:type\" content=\"article\" \/>\n<meta property=\"og:title\" content=\"intervista Konica Minolta Business Solutions Italia - It&#039;s all CIO &amp; Technology\" \/>\n<meta property=\"og:description\" content=\"&nbsp; Intervista Fabio Quarti\u00a0Solutions Consultant Konica Minolta Business Solutions Italia &nbsp; &nbsp; &nbsp; Come risponde Konica Minolta alle richieste di mercato in ambito cybersecurity ? Cybersecurity e Cloud sono due tematiche estremamente attuali e indispensabili in ambito aziendale. Il Cloud ci apre a nuove possibilit\u00e0 sia in campo infrastrutturale IT che di automatizzazione di processi, [&hellip;]\" \/>\n<meta property=\"og:url\" content=\"https:\/\/itsall-ciotechnology.com\/index.php\/intervista-konica-minolta-business-solutions-italia\/\" \/>\n<meta property=\"og:site_name\" content=\"It&#039;s all CIO &amp; Technology\" \/>\n<meta property=\"article:modified_time\" content=\"2022-09-14T12:05:14+00:00\" \/>\n<meta property=\"og:image\" content=\"https:\/\/itsall-ciotechnology.com\/wp-content\/uploads\/2022\/09\/fabio-quarti.jpg\" \/>\n\t<meta property=\"og:image:width\" content=\"200\" \/>\n\t<meta property=\"og:image:height\" content=\"200\" \/>\n\t<meta property=\"og:image:type\" content=\"image\/jpeg\" \/>\n<meta name=\"twitter:card\" content=\"summary_large_image\" \/>\n<meta name=\"twitter:label1\" content=\"Tempo di lettura stimato\" \/>\n\t<meta name=\"twitter:data1\" content=\"2 minuti\" \/>\n<script type=\"application\/ld+json\" class=\"yoast-schema-graph\">{\"@context\":\"https:\/\/schema.org\",\"@graph\":[{\"@type\":\"WebPage\",\"@id\":\"https:\/\/itsall-ciotechnology.com\/index.php\/intervista-konica-minolta-business-solutions-italia\/\",\"url\":\"https:\/\/itsall-ciotechnology.com\/index.php\/intervista-konica-minolta-business-solutions-italia\/\",\"name\":\"intervista Konica Minolta Business Solutions Italia - It&#039;s all CIO &amp; Technology\",\"isPartOf\":{\"@id\":\"https:\/\/itsall-ciotechnology.com\/#website\"},\"primaryImageOfPage\":{\"@id\":\"https:\/\/itsall-ciotechnology.com\/index.php\/intervista-konica-minolta-business-solutions-italia\/#primaryimage\"},\"image\":{\"@id\":\"https:\/\/itsall-ciotechnology.com\/index.php\/intervista-konica-minolta-business-solutions-italia\/#primaryimage\"},\"thumbnailUrl\":\"http:\/\/itsall-ciotechnology.com\/wp-content\/uploads\/2022\/09\/fabio-quarti.jpg\",\"datePublished\":\"2022-09-14T12:04:52+00:00\",\"dateModified\":\"2022-09-14T12:05:14+00:00\",\"breadcrumb\":{\"@id\":\"https:\/\/itsall-ciotechnology.com\/index.php\/intervista-konica-minolta-business-solutions-italia\/#breadcrumb\"},\"inLanguage\":\"it-IT\",\"potentialAction\":[{\"@type\":\"ReadAction\",\"target\":[\"https:\/\/itsall-ciotechnology.com\/index.php\/intervista-konica-minolta-business-solutions-italia\/\"]}]},{\"@type\":\"ImageObject\",\"inLanguage\":\"it-IT\",\"@id\":\"https:\/\/itsall-ciotechnology.com\/index.php\/intervista-konica-minolta-business-solutions-italia\/#primaryimage\",\"url\":\"http:\/\/itsall-ciotechnology.com\/wp-content\/uploads\/2022\/09\/fabio-quarti.jpg\",\"contentUrl\":\"http:\/\/itsall-ciotechnology.com\/wp-content\/uploads\/2022\/09\/fabio-quarti.jpg\"},{\"@type\":\"BreadcrumbList\",\"@id\":\"https:\/\/itsall-ciotechnology.com\/index.php\/intervista-konica-minolta-business-solutions-italia\/#breadcrumb\",\"itemListElement\":[{\"@type\":\"ListItem\",\"position\":1,\"name\":\"Home\",\"item\":\"https:\/\/itsall-ciotechnology.com\/\"},{\"@type\":\"ListItem\",\"position\":2,\"name\":\"intervista Konica Minolta Business Solutions Italia\"}]},{\"@type\":\"WebSite\",\"@id\":\"https:\/\/itsall-ciotechnology.com\/#website\",\"url\":\"https:\/\/itsall-ciotechnology.com\/\",\"name\":\"It&#039;s all CIO &amp; Technology\",\"description\":\"I BIG dell IT a confronto\",\"potentialAction\":[{\"@type\":\"SearchAction\",\"target\":{\"@type\":\"EntryPoint\",\"urlTemplate\":\"https:\/\/itsall-ciotechnology.com\/?s={search_term_string}\"},\"query-input\":{\"@type\":\"PropertyValueSpecification\",\"valueRequired\":true,\"valueName\":\"search_term_string\"}}],\"inLanguage\":\"it-IT\"}]}<\/script>\n<!-- \/ Yoast SEO plugin. -->","yoast_head_json":{"title":"intervista Konica Minolta Business Solutions Italia - It&#039;s all CIO &amp; Technology","robots":{"index":"index","follow":"follow","max-snippet":"max-snippet:-1","max-image-preview":"max-image-preview:large","max-video-preview":"max-video-preview:-1"},"canonical":"https:\/\/itsall-ciotechnology.com\/index.php\/intervista-konica-minolta-business-solutions-italia\/","og_locale":"it_IT","og_type":"article","og_title":"intervista Konica Minolta Business Solutions Italia - It&#039;s all CIO &amp; Technology","og_description":"&nbsp; Intervista Fabio Quarti\u00a0Solutions Consultant Konica Minolta Business Solutions Italia &nbsp; &nbsp; &nbsp; Come risponde Konica Minolta alle richieste di mercato in ambito cybersecurity ? Cybersecurity e Cloud sono due tematiche estremamente attuali e indispensabili in ambito aziendale. Il Cloud ci apre a nuove possibilit\u00e0 sia in campo infrastrutturale IT che di automatizzazione di processi, [&hellip;]","og_url":"https:\/\/itsall-ciotechnology.com\/index.php\/intervista-konica-minolta-business-solutions-italia\/","og_site_name":"It&#039;s all CIO &amp; Technology","article_modified_time":"2022-09-14T12:05:14+00:00","og_image":[{"width":200,"height":200,"url":"https:\/\/itsall-ciotechnology.com\/wp-content\/uploads\/2022\/09\/fabio-quarti.jpg","type":"image\/jpeg"}],"twitter_card":"summary_large_image","twitter_misc":{"Tempo di lettura stimato":"2 minuti"},"schema":{"@context":"https:\/\/schema.org","@graph":[{"@type":"WebPage","@id":"https:\/\/itsall-ciotechnology.com\/index.php\/intervista-konica-minolta-business-solutions-italia\/","url":"https:\/\/itsall-ciotechnology.com\/index.php\/intervista-konica-minolta-business-solutions-italia\/","name":"intervista Konica Minolta Business Solutions Italia - It&#039;s all CIO &amp; Technology","isPartOf":{"@id":"https:\/\/itsall-ciotechnology.com\/#website"},"primaryImageOfPage":{"@id":"https:\/\/itsall-ciotechnology.com\/index.php\/intervista-konica-minolta-business-solutions-italia\/#primaryimage"},"image":{"@id":"https:\/\/itsall-ciotechnology.com\/index.php\/intervista-konica-minolta-business-solutions-italia\/#primaryimage"},"thumbnailUrl":"http:\/\/itsall-ciotechnology.com\/wp-content\/uploads\/2022\/09\/fabio-quarti.jpg","datePublished":"2022-09-14T12:04:52+00:00","dateModified":"2022-09-14T12:05:14+00:00","breadcrumb":{"@id":"https:\/\/itsall-ciotechnology.com\/index.php\/intervista-konica-minolta-business-solutions-italia\/#breadcrumb"},"inLanguage":"it-IT","potentialAction":[{"@type":"ReadAction","target":["https:\/\/itsall-ciotechnology.com\/index.php\/intervista-konica-minolta-business-solutions-italia\/"]}]},{"@type":"ImageObject","inLanguage":"it-IT","@id":"https:\/\/itsall-ciotechnology.com\/index.php\/intervista-konica-minolta-business-solutions-italia\/#primaryimage","url":"http:\/\/itsall-ciotechnology.com\/wp-content\/uploads\/2022\/09\/fabio-quarti.jpg","contentUrl":"http:\/\/itsall-ciotechnology.com\/wp-content\/uploads\/2022\/09\/fabio-quarti.jpg"},{"@type":"BreadcrumbList","@id":"https:\/\/itsall-ciotechnology.com\/index.php\/intervista-konica-minolta-business-solutions-italia\/#breadcrumb","itemListElement":[{"@type":"ListItem","position":1,"name":"Home","item":"https:\/\/itsall-ciotechnology.com\/"},{"@type":"ListItem","position":2,"name":"intervista Konica Minolta Business Solutions Italia"}]},{"@type":"WebSite","@id":"https:\/\/itsall-ciotechnology.com\/#website","url":"https:\/\/itsall-ciotechnology.com\/","name":"It&#039;s all CIO &amp; Technology","description":"I BIG dell IT a confronto","potentialAction":[{"@type":"SearchAction","target":{"@type":"EntryPoint","urlTemplate":"https:\/\/itsall-ciotechnology.com\/?s={search_term_string}"},"query-input":{"@type":"PropertyValueSpecification","valueRequired":true,"valueName":"search_term_string"}}],"inLanguage":"it-IT"}]}},"_links":{"self":[{"href":"https:\/\/itsall-ciotechnology.com\/index.php\/wp-json\/wp\/v2\/pages\/4977","targetHints":{"allow":["GET"]}}],"collection":[{"href":"https:\/\/itsall-ciotechnology.com\/index.php\/wp-json\/wp\/v2\/pages"}],"about":[{"href":"https:\/\/itsall-ciotechnology.com\/index.php\/wp-json\/wp\/v2\/types\/page"}],"author":[{"embeddable":true,"href":"https:\/\/itsall-ciotechnology.com\/index.php\/wp-json\/wp\/v2\/users\/2"}],"replies":[{"embeddable":true,"href":"https:\/\/itsall-ciotechnology.com\/index.php\/wp-json\/wp\/v2\/comments?post=4977"}],"version-history":[{"count":3,"href":"https:\/\/itsall-ciotechnology.com\/index.php\/wp-json\/wp\/v2\/pages\/4977\/revisions"}],"predecessor-version":[{"id":4980,"href":"https:\/\/itsall-ciotechnology.com\/index.php\/wp-json\/wp\/v2\/pages\/4977\/revisions\/4980"}],"wp:attachment":[{"href":"https:\/\/itsall-ciotechnology.com\/index.php\/wp-json\/wp\/v2\/media?parent=4977"}],"curies":[{"name":"wp","href":"https:\/\/api.w.org\/{rel}","templated":true}]}}